nvert -2 (base 9) to base 13.
-2
Convert 0 (base 16) to base 9.
0
Convert -10 (base 3) to base 2.
-11
Convert -1b6 (base 13) to base 11.
-26a
-8 (base 11) to base 14
-8
101 (base 2) to base 5
10
What is 1 (base 8) in base 16?
1
Convert 1 (base 5) to base 13.
1
What is -1112 (base 3) in base 2?
-101001
What is 47 (base 11) in base 8?
63
Convert -15 (base 7) to base 4.
-30
Convert -81 (base 9) to base 5.
-243
Convert -14 (base 10) to base 14.
-10
Convert -38 (base 10) to base 13.
-2c
Convert 111 (base 4) to base 14.
17
-110212 (base 3) to base 16
-15b
What is -4 (base 5) in base 13?
-4
What is 5 (base 9) in base 6?
5
-3 (base 4) to base 13
-3
-12 (base 4) to base 2
-110
-20 (base 4) to base 3
-22
Convert 52 (base 16) to base 11.
75
-3 (base 8) to base 4
-3
Convert -1000 (base 2) to base 15.
-8
What is -4 (base 11) in base 14?
-4
-2 (base 10) to base 2
-10
Convert -18 (base 13) to base 2.
-10101
What is -d (base 14) in base 15?
-d
Convert -1001 (base 2) to base 4.
-21
What is 1 (base 16) in base 6?
1
What is -a (base 11) in base 7?
-13
What is -1 (base 3) in base 5?
-1
-8 (base 11) to base 6
-12
Convert -3 (base 11) to base 14.
-3
Convert -7 (base 8) to base 4.
-13
3 (base 15) to base 8
3
Convert 9 (base 15) to base 12.
9
Convert -121 (base 3) to base 5.
-31
What is 163 (base 15) in base 3?
102210
Convert -49 (base 13) to base 8.
-75
What is 1300 (base 6) in base 13?
1bc
Convert -2 (base 12) to base 9.
-2
-6 (base 12) to base 8
-6
What is 10 (base 2) in base 10?
2
What is -15 (base 9) in base 3?
-112
What is 11 (base 15) in base 7?
22
What is 1 (base 11) in base 15?
1
Convert 1100 (base 4) to base 2.
1010000
Convert -3 (base 4) to base 11.
-3
Convert 2 (base 4) to base 15.
2
What is 14 (base 8) in base 3?
110
Convert -1 (base 4) to base 2.
-1
Convert 1211 (base 3) to base 14.
37
Convert -2013 (base 4) to base 7.
-252
Convert -3300 (base 4) to base 14.
-132
What is -204 (base 7) in base 15?
-6c
Convert -2 (base 12) to base 11.
-2
1 (base 2) to base 3
1
-111 (base 2) to base 3
-21
What is -100 (base 4) in base 14?
-12
What is -8 (base 11) in base 14?
-8
Convert 143 (base 5) to base 15.
33
-41 (base 9) to base 11
-34
Convert -3 (base 4) to base 9.
-3
Convert 100 (base 2) to base 8.
4
-14 (base 7) to base 2
-1011
Convert 1d (base 16) to base 3.
1002
Convert 121 (base 9) to base 3.
10201
Convert -1 (base 4) to base 8.
-1
Convert 15 (base 13) to base 12.
16
What is 4 (base 7) in base 9?
4
15 (base 14) to base 10
19
What is -10 (base 6) in base 12?
-6
What is -107 (base 12) in base 7?
-304
What is -1 (base 16) in base 2?
-1
Convert -11 (base 6) to base 11.
-7
Convert 11001 (base 2) to base 3.
221
What is -3f (base 16) in base 4?
-333
What is 4 (base 10) in base 16?
4
Convert -101 (base 2) to base 10.
-5
What is 24 (base 9) in base 7?
31
12 (base 3) to base 6
5
Convert -9 (base 11) to base 7.
-12
What is -3 (base 16) in base 9?
-3
Convert 101 (base 3) to base 11.
a
-6 (base 9) to base 3
-20
Convert -6 (base 7) to base 10.
-6
Convert 10 (base 15) to base 8.
17
What is -10011 (base 2) in base 12?
-17
Convert -21 (base 7) to base 6.
-23
Convert -4 (base 6) to base 15.
-4
-264 (base 7) to base 2
-10010000
36 (base 11) to base 4
213
-11 (base 10) to base 2
-1011
-11 (base 4) to base 9
-5
Convert 1 (base 11) to base 3.
1
2 (base 6) to base 4
2
What is -67 (base 15) in base 5?
-342
-110 (base 7) to base 16
-38
What is -20 (base 7) in base 3?
-112
7 (base 15) to base 6
11
Convert -18 (base 11) to base 7.
-25
What is -8 (base 10) in base 2?
-1000
What is -d (base 16) in base 14?
-d
Convert 261 (base 8) to base 10.
177
What is -4 (base 8) in base 14?
-4
Convert 31 (base 14) to base 16.
2b
Convert -79 (base 15) to base 5.
-424
Convert 10 (base 2) to base 14.
2
What is 10 (base 12) in base 13?
c
Convert 1 (base 12) to base 14.
1
What is 34 (base 6) in base 3?
211
-d (base 15) to base 5
-23
What is -9 (base 14) in base 15?
-9
What is -7 (base 16) in base 3?
-21
What is 3 (base 16) in base 11?
3
9e (base 15) to base 12
105
What is 3 (base 14) in base 5?
3
Convert -100 (base 3) to base 12.
-9
-31 (base 7) to base 14
-18
Convert -22 (base 5) to base 6.
-20
0 (base 13) to base 15
0
-4 (base 8) to base 13
-4
What is 2 (base 13) in base 7?
2
What is -2 (base 4) in base 16?
-2
What is -10 (base 4) in base 5?
-4
Convert 52 (base 6) to base 8.
40
What is -26 (base 8) in base 2?
-10110
-1 (base 9) to base 10
-1
Convert -379 (base 10) to base 12.
-277
What is -1 (base 15) in base 4?
-1
What is 21212 (base 3) in base 10?
212
22 (base 9) to base 4
110
What is 20 (base 7) in base 11?
13
7 (base 10) to base 15
7
What is -144 (base 12) in base 9?
-237
Convert 15 (base 8) to base 3.
111
Convert -1 (base 16) to base 12.
-1
What is 201 (base 6) in base 16?
49
Convert 1 (base 2) to base 15.
1
What is 220 (base 3) in base 7?
33
Convert 0 (base 3) to base 15.
0
What is 1a (base 12) in base 10?
22
What is -4 (base 9) in base 14?
-4
Convert -232 (base 6) to base 13.
-71
-1134 (base 5) to base 3
-20021
0 (base 13) to base 5
0
What is -6 (base 15) in base 13?
-6
-11 (base 8) to base 3
-100
-3 (base 13) to base 4
-3
-21 (base 3) to base 11
-7
What is 0 (base 7) in base 4?
0
-123 (base 5) to base 9
-42
What is 2 (base 13) in base 9?
2
Convert -7 (base 12) to base 9.
-7
10 (base 4) to base 16
4
-b (base 12) to base 5
-21
Convert 1000 (base 2) to base 13.
8
Convert -3 (base 7) to base 5.
-3
-43 (base 13) to base 11
-50
What is 19 (base 15) in base 7?
33
Convert 4 (base 8) to base 16.
4
Convert -68 (base 14) to base 9.
-112
Convert 15 (base 14) to base 10.
19
31 (base 7) to base 10
22
What is 4 (base 8) in base 9?
4
-4 (base 15) to base 14
-4
Convert 1 (base 14) to base 12.
1
Convert 2 (base 8) to base 10.
2
-6 (base 7) to base 4
-12
1 (base 13) to base 16
1
3 (base 6) to base 5
3
1 (base 11) to base 15
1
What is -1100 (base 2) in base 16?
-c
3 (base 5) to base 4
3
Convert 7 (base 13) to base 2.
111
What is 324 (base 7) in base 2?
10100101
Convert 22 (base 4) to base 10.
10
-10 (base 5) to base 8
-5
Convert 8 (base 14) to base 13.
8
What is 16 (base 12) in base 7?
24
What is -17 (base 15) in base 12?
-1a
Convert 4 (base 16) to base 11.
4
What is 330 (base 6) in base 8?
176
10221 (base 3) to base 10
106
What is -2 (base 14) in base 12?
-2
What is -41 (base 7) in base 13?
-23
Convert c1 (base 14) to base 12.
121
What is a (base 14) in base 15?
a
-20 (base 3) to base 14
-6
Convert -1 (base 12) to base 8.
-1
Convert 3 (base 10) to base 2.
11
Convert 11 (base 7) to base 3.
22
Convert 1010010 (base 2) to base 16.
52
1 (base 14) to base 7
1
Convert 11 (base 14) to base 6.
23
182 (base 13) to base 15
135
Convert 0 (base 10) to base 5.
0
What is -31 (base 13) in base 10?
-40
What is -24 (base 9) in base 13?
-19
Convert -20 (base 5) to base 4.
-22
-8 (base 12) to base 5
-13
Convert -43 (base 7) to base 16.
-1f
Convert 1 (base 15) to base 14.
1
4 (base 5) to base 3
11
What is -1 (base 7) in base 13?
-1
What is 41 (base 10) in base 7?
56
What is -80 (base 11) in base 13?
-6a
-1121 (base 3) to base 15
-2d
5b (base 13) to base 6
204
What is -3223 (base 4) in base 12?
-177
Convert -35 (base 11) to base 6.
-102
What is -257 (base 8) in base 9?
-214
Convert 3 (base 15) to base 11.
3
What is -1 (base 7) in base 4?
-1
-a5 (base 15) to base 14
-b1
Convert -1 (base 3) to base 9.
-1
What is -10 (base 12) in base 7?
-15
What is 72 (base 8) in base 16?
3a
2 (base 5) to base 9
2
What is 12 (base 9) in base 10?
11
What is 1 (base 10) in base 5?
1
4 (base 13) to base 9
4
What is -1a (base 13) in base 16?
-17
What is -202 (base 4) in base 9?
-37
2 (base 6) to base 7
2
Convert -7 (base 14) to base 3.
-21
-4 (base 6) to base 16
-4
-2 (base 11) to base 9
-2
-10 (base 4) to base 10
-4
What is -12011 (base 4) in base 5?
-3024
What is -3 (base 7) in base 10?
-3
What is -23 (base 6) in base 14?
-11
Convert -1 (base 8) to base 11.
-1
Convert -56 (base 7) to base 14.
-2d
What is -10 (base 12) in base 2?
-1100
Convert 4a (base 11) to base 10.
54
What is 8 (base 12) in base 11?
8
5 (base 7) to base 13
5
What is 72 (base 11) in base 8?
117
Convert a (base 13) to base 8.
12
What is 31 (base 6) in base 11?
18
-a (base 15) to base 14
-a
Convert -53 (base 9) to base 13.
-39
-2 (base 13) to base 11
-2
What is 2323 (base 4) in base 5?
12